{"id":1408,"date":"2016-01-19T14:03:09","date_gmt":"2016-01-19T14:03:09","guid":{"rendered":"http:\/\/anpsthemes.com\/construction\/?page_id=1408"},"modified":"2022-10-26T15:37:36","modified_gmt":"2022-10-26T14:37:36","slug":"about-us-2","status":"publish","type":"page","link":"https:\/\/climatizacionesbienestar23.es\/?page_id=1408","title":{"rendered":"Quienes somos"},"content":{"rendered":"<div class=\"wpb-content-wrapper\"><p>[vc_row css=\u00bb.vc_custom_1460122496361{margin-bottom: 30px !important;}\u00bb][vc_column width=\u00bb1\/2&#8243;][vc_custom_heading text=\u00bbInstalaci\u00f3n, Mantenimiento y Reparaciones\u00bb use_theme_fonts=\u00bbyes\u00bb el_class=\u00bbtitle\u00bb][vc_empty_space height=\u00bb20px\u00bb][vc_column_text]Empresa de mantenimiento de calderas en Huelva Climatizaciones Bienestar 23, su empresa de instalaci\u00f3n de aire acondicionado y calefacci\u00f3n profesional. <strong>La profesionalidad puede ser adem\u00e1s econ\u00f3mica.<\/strong><\/p>\n<p>Solicite presupuesto sin compromiso. <strong>Llame al tel\u00e9fono 651 802 548<\/strong>. Climatizaciones Bienestar 23 es una marca de Huelva, integrada por profesionales con amplia experiencia en instalaci\u00f3n y mantenimiento. <strong>Poseemos una experiencia contrastada en cualquier tipo de servicio de aire acondicionado y calefacci\u00f3n, ya sean instalaciones nuevas o reparaciones. <\/strong><\/p>\n<p>En Climatizaciones Bienestar 23, realizamos instalaciones en calderas, calefacci\u00f3n, aire acondicionado, montajes de termos y calentadores\u2026 <strong>Somos especialistas en mantenimiento de calderas de todas las marcas, consulta con nosotros, somos servicio t\u00e9cnico de todas las marcas de calderas existentes en el mercado. <\/strong>[\/vc_column_text][\/vc_column][vc_column width=\u00bb1\/2&#8243;][vc_empty_space height=\u00bb20px\u00bb][vc_single_image image=\u00bb5801&#8243; img_size=\u00bbfull\u00bb][\/vc_column][\/vc_row][vc_row css=\u00bb.vc_custom_1460122436961{margin-bottom: 50px !important;}\u00bb][vc_column][vc_custom_heading text=\u00bbCLIMATIZACIONES BIENESTAR 23, UNA MARCA DE HUELVA\u00bb use_theme_fonts=\u00bbyes\u00bb el_class=\u00bbtitle\u00bb][vc_empty_space height=\u00bb20px\u00bb]<div class=\"timeline\"><div class=\"timeline-item\"><div class=\"timeline-year\">1\u00ba<\/div><div class=\"timeline-content\"><h3 class=\"timeline-title\">PRESUPUESTOS PREVIOS GRATUITOS<\/h3><div class=\"timeline-text\">Antes de cualquier instalaci\u00f3n de aire acondicionado, calefacci\u00f3n o ventilaci\u00f3n, hacemos la visita, realizando un presupuesto con antelaci\u00f3n y sin compromiso por parte de nuestros clientes.<\/div><\/div><\/div><div class=\"timeline-item\"><div class=\"timeline-year\">2\u00ba<\/div><div class=\"timeline-content\"><h3 class=\"timeline-title\">PRECIO<\/h3><div class=\"timeline-text\">Nuestros servicios son los m\u00e1s baratos de la provincia de Huelva, ya que nuestra empresa no subcontrata, ni tiene intermediarios, somos nosotros mismos quienes realizamos las reparaciones o las instalaciones, y al estar cerca de su domicilio reducimos los costes de desplazamientos.<\/div><\/div><\/div><div class=\"timeline-item\"><div class=\"timeline-year\">3\u00ba<\/div><div class=\"timeline-content\"><h3 class=\"timeline-title\">CALIDAD<\/h3><div class=\"timeline-text\">Tratamos la instalaci\u00f3n y al cliente como si fuera nuestro \u00fanico cliente, siempre quedamos a su disposici\u00f3n y cuidamos la instalaci\u00f3n hasta el \u00faltimo detalle..<\/div><\/div><\/div><div class=\"timeline-item\"><div class=\"timeline-year\">4\u00ba<\/div><div class=\"timeline-content\"><h3 class=\"timeline-title\">RAPIDEZ EN LOS TRABAJOS<\/h3><div class=\"timeline-text\">Esto es fundamental en nuestra empresa de climatizaci\u00f3n, ya que sabemos que nuestro retraso en la asistencia puede causar a nuestros clientes un perjuicio mayor en su vivienda o negocio, afectando a terceros.<\/div><\/div><\/div><div class=\"timeline-item\"><div class=\"timeline-year\">5\u00ba<\/div><div class=\"timeline-content\"><h3 class=\"timeline-title\">CONFIANZA Y GARANT\u00cdA<\/h3><div class=\"timeline-text\">Nuestro personal dispone de todas las licencias y permisos administrativos que certifican que nuestros trabajos de reparaci\u00f3n e instalaciones cumplen con todas las normativas de calidad m\u00e1s exigentes.<\/div><\/div><\/div><\/div>[\/vc_column][\/vc_row][vc_row css=\u00bb.vc_custom_1453212299071{margin-bottom: 20px !important;}\u00bb][vc_column][vc_custom_heading text=\u00bbEstamos encantados de atenderle\u00bb use_theme_fonts=\u00bbyes\u00bb el_class=\u00bbtitle\u00bb][\/vc_column][\/vc_row][vc_row css=\u00bb.vc_custom_1453297105826{margin-bottom: 45px !important;}\u00bb][vc_column][vc_btn title=\u00bb\u00bfQU\u00c9 NECESITAS?\u00bb color=\u00bbprimary\u00bb size=\u00bblg\u00bb i_icon_fontawesome=\u00bbfas fa-question-circle\u00bb add_icon=\u00bbtrue\u00bb link=\u00bburl:https%3A%2F%2Fclimatizacionesbienestar23.es%2Fstg_e6e1b%2Fcontact-us%2F|title:Cont%C3%A1ctanos\u00bb][\/vc_column][\/vc_row]<\/p>\n<\/div>","protected":false},"excerpt":{"rendered":"<p>[vc_row css=\u00bb.vc_custom_1460122496361{margin-bottom: 30px !important;}\u00bb][vc_column width=\u00bb1\/2&#8243;][vc_custom_heading text=\u00bbInstalaci\u00f3n, Mantenimiento y Reparaciones\u00bb use_theme_fonts=\u00bbyes\u00bb el_class=\u00bbtitle\u00bb][vc_empty_space height=\u00bb20px\u00bb][vc_column_text]Empresa de mantenimiento de calderas en Huelva Climatizaciones Bienestar 23, su empresa de instalaci\u00f3n de aire acondicionado y calefacci\u00f3n profesional. La profesionalidad puede ser adem\u00e1s econ\u00f3mica. Solicite presupuesto sin &hellip;<\/p>\n","protected":false},"author":1,"featured_media":0,"parent":0,"menu_order":0,"comment_status":"closed","ping_status":"closed","template":"","meta":{"_oct_exclude_from_cache":false,"footnotes":""},"class_list":["post-1408","page","type-page","status-publish","hentry"],"_links":{"self":[{"href":"https:\/\/climatizacionesbienestar23.es\/index.php?rest_route=\/wp\/v2\/pages\/1408","targetHints":{"allow":["GET"]}}],"collection":[{"href":"https:\/\/climatizacionesbienestar23.es\/index.php?rest_route=\/wp\/v2\/pages"}],"about":[{"href":"https:\/\/climatizacionesbienestar23.es\/index.php?rest_route=\/wp\/v2\/types\/page"}],"author":[{"embeddable":true,"href":"https:\/\/climatizacionesbienestar23.es\/index.php?rest_route=\/wp\/v2\/users\/1"}],"replies":[{"embeddable":true,"href":"https:\/\/climatizacionesbienestar23.es\/index.php?rest_route=%2Fwp%2Fv2%2Fcomments&post=1408"}],"version-history":[{"count":3,"href":"https:\/\/climatizacionesbienestar23.es\/index.php?rest_route=\/wp\/v2\/pages\/1408\/revisions"}],"predecessor-version":[{"id":5803,"href":"https:\/\/climatizacionesbienestar23.es\/index.php?rest_route=\/wp\/v2\/pages\/1408\/revisions\/5803"}],"wp:attachment":[{"href":"https:\/\/climatizacionesbienestar23.es\/index.php?rest_route=%2Fwp%2Fv2%2Fmedia&parent=1408"}],"curies":[{"name":"wp","href":"https:\/\/api.w.org\/{rel}","templated":true}]}}